{"id":82,"date":"2025-01-20T19:49:22","date_gmt":"2025-01-20T19:49:22","guid":{"rendered":"https:\/\/profilaktyki.pl\/?page_id=82"},"modified":"2025-01-24T11:04:59","modified_gmt":"2025-01-24T11:04:59","slug":"kontakt","status":"publish","type":"page","link":"https:\/\/profilaktyki.pl\/?page_id=82","title":{"rendered":""},"content":{"rendered":"<p style=\"text-align: center;\"><span style=\"font-size: 18pt; font-family: arial, helvetica, sans-serif;\"><strong>KONTAKT<\/strong><\/span><\/p>\n<p style=\"text-align: center;\"><strong><span style=\"font-size: 14pt; font-family: arial, helvetica, sans-serif;\">PROFILAKTYKA UZALE\u017bNIE\u0143 <\/span><\/strong><br \/>\n<strong><span style=\"font-size: 18pt; font-family: arial, helvetica, sans-serif;\">&#8222;NA\u0141OGI&#8221; &#8211; DROGA DONIK\u0104D<\/span><\/strong><\/p>\n<p style=\"text-align: center;\"><span style=\"font-size: 12pt; font-family: arial, helvetica, sans-serif;\">Project Manager:<strong> Andrzej Paprot<\/strong><\/span><br \/>\n<span style=\"font-size: 12pt; font-family: arial, helvetica, sans-serif;\">tel: +48 531 457 193<\/span><br \/>\n<span style=\"font-size: 12pt; font-family: arial, helvetica, sans-serif;\"><strong><a href=\"mailto:kontakt@profilaktyki.pl\">kontakt@profilaktyki.pl<\/a><br \/>\n<\/strong><strong><a href=\"https:\/\/www.profilaktyki.pl\" target=\"_blank\" rel=\"noopener\">www.profilaktyki.pl<\/a><br \/>\n<\/strong><strong><a href=\"https:\/\/www.jacekdewodzki.pl\" target=\"_blank\" rel=\"noopener\">www.jacekdewodzki.pl<\/a><\/strong><\/span><\/p>\n<p style=\"text-align: center;\">[cn-social-icon]<\/p>\n<p>&nbsp;<\/p>\n<p style=\"text-align: center;\"><span style=\"font-size: 18pt; font-family: arial, helvetica, sans-serif;\"><strong>DO POBRANIA:<\/strong><\/span><\/p>\n<p style=\"text-align: center;\"><span style=\"font-size: 12pt; font-family: arial, helvetica, sans-serif;\"><strong><a href=\"http:\/\/www.jacekdewodzki.pl\">Plakat<\/a><br \/>\n<a href=\"http:\/\/www.jacekdewodzki.pl\">Wymagania techniczne<\/a><br \/>\n<a href=\"http:\/\/www.jacekdewodzki.pl\">Materia\u0142y promocyjne<\/a><br \/>\nitd<\/strong><\/span><\/p>\n<p>&nbsp;<\/p>\n","protected":false},"excerpt":{"rendered":"<p>KONTAKT PROFILAKTYKA UZALE\u017bNIE\u0143 &#8222;NA\u0141OGI&#8221; &#8211; DROGA DONIK\u0104D Project Manager: Andrzej Paprot tel: +48 531 457 193 kontakt@profilaktyki.pl www.profilaktyki.pl www.jacekdewodzki.pl [cn-social-icon] &nbsp; DO POBRANIA: Plakat Wymagania &hellip;<\/p>\n","protected":false},"author":1,"featured_media":0,"parent":0,"menu_order":0,"comment_status":"closed","ping_status":"open","template":"","meta":{"footnotes":""},"class_list":["post-82","page","type-page","status-publish","hentry"],"_links":{"self":[{"href":"https:\/\/profilaktyki.pl\/index.php?rest_route=\/wp\/v2\/pages\/82","targetHints":{"allow":["GET"]}}],"collection":[{"href":"https:\/\/profilaktyki.pl\/index.php?rest_route=\/wp\/v2\/pages"}],"about":[{"href":"https:\/\/profilaktyki.pl\/index.php?rest_route=\/wp\/v2\/types\/page"}],"author":[{"embeddable":true,"href":"https:\/\/profilaktyki.pl\/index.php?rest_route=\/wp\/v2\/users\/1"}],"replies":[{"embeddable":true,"href":"https:\/\/profilaktyki.pl\/index.php?rest_route=%2Fwp%2Fv2%2Fcomments&post=82"}],"version-history":[{"count":3,"href":"https:\/\/profilaktyki.pl\/index.php?rest_route=\/wp\/v2\/pages\/82\/revisions"}],"predecessor-version":[{"id":351,"href":"https:\/\/profilaktyki.pl\/index.php?rest_route=\/wp\/v2\/pages\/82\/revisions\/351"}],"wp:attachment":[{"href":"https:\/\/profilaktyki.pl\/index.php?rest_route=%2Fwp%2Fv2%2Fmedia&parent=82"}],"curies":[{"name":"wp","href":"https:\/\/api.w.org\/{rel}","templated":true}]}}